{"id":1727,"date":"2018-06-15T09:30:28","date_gmt":"2018-06-15T09:30:28","guid":{"rendered":"http:\/\/www.colaistedaibheid.ie\/?page_id=1727"},"modified":"2023-08-15T13:05:56","modified_gmt":"2023-08-15T13:05:56","slug":"leabharliostai-booklists","status":"publish","type":"page","link":"http:\/\/www.colaistedaibheid.ie\/wp_cd_2020\/leabharliostai-booklists\/","title":{"rendered":"Leabharliosta\u00ed | Booklists"},"content":{"rendered":"<h2>Leabharliosta\u00ed | Booklists<\/h2>\n<p>Click on the buttons below to download the current booklists<\/p>\n<p><img loading=\"lazy\" decoding=\"async\" width=\"400\" height=\"268\" src=\"http:\/\/www.colaistedaibheid.ie\/wp_cd_2020\/wp-content\/uploads\/tile-books.jpg\" alt=\"\" loading=\"lazy\"><br \/>\n<a href=\"http:\/\/www.colaistedaibheid.ie\/wp_cd_2020\/wp-content\/uploads\/Cead-Bhliain-Leabhair-Liosta-2023.pdf\" target=\"_blank\" role=\"button\" rel=\"noopener\"><br \/>\nAn Ch\u00e9ad Bhliain | 1st Year<br \/>\n<\/a><br \/>\n<a href=\"http:\/\/www.colaistedaibheid.ie\/wp_cd_2020\/wp-content\/uploads\/Dara-Bliain-Leabhair-Liosta-2023-.pdf\" target=\"_blank\" role=\"button\" rel=\"noopener\"><br \/>\nAn Dara Bliain | 2nd Year<br \/>\n<\/a><br \/>\n<a href=\"http:\/\/www.colaistedaibheid.ie\/wp_cd_2020\/wp-content\/uploads\/Triu-Bliana-Leabhair-Liosta-2023-.pdf\" target=\"_blank\" role=\"button\" rel=\"noopener\"><br \/>\nAn Tr\u00ed\u00fa Bliain | 3rd Year<br \/>\n<\/a><br \/>\n<a href=\"http:\/\/www.colaistedaibheid.ie\/wp_cd_2020\/wp-content\/uploads\/Idirbhliain-Leabhair-Liosta-2023.pdf\" target=\"_blank\" role=\"button\" rel=\"noopener\"><br \/>\nAn Idirbhliain | Transition Year<br \/>\n<\/a><br \/>\n<a href=\"http:\/\/www.colaistedaibheid.ie\/wp_cd_2020\/wp-content\/uploads\/Cuigiu-Bliain-Leabhair-Liosta-2023.pdf\" target=\"_blank\" role=\"button\" rel=\"noopener\"><br \/>\nAn C\u00faigi\u00fa Bliain | 5th Year<br \/>\n<\/a><br \/>\n<a href=\"http:\/\/www.colaistedaibheid.ie\/wp_cd_2020\/wp-content\/uploads\/Seu-Bliain-Leabhair-Liosta-2023-.pdf\" target=\"_blank\" role=\"button\" rel=\"noopener\"><br \/>\nAn S\u00e9\u00fa Bliain | 6th Year<br \/>\n<\/a><\/p>\n","protected":false},"excerpt":{"rendered":"<p>Leabharliosta\u00ed | Booklists Click on the buttons below to download the current booklists An Ch\u00e9ad Bhliain | 1st Year An Dara Bliain | 2nd Year An Tr\u00ed\u00fa Bliain | 3rd Year An Idirbhliain | Transition Year An C\u00faigi\u00fa Bliain | 5th Year An S\u00e9\u00fa Bliain | 6th Year<\/p>\n","protected":false},"author":1,"featured_media":0,"parent":0,"menu_order":0,"comment_status":"closed","ping_status":"closed","template":"elementor_header_footer","meta":{"site-sidebar-layout":"default","site-content-layout":"default","ast-site-content-layout":"default","site-content-style":"default","site-sidebar-style":"default","ast-global-header-display":"","ast-banner-title-visibility":"","ast-main-header-display":"","ast-hfb-above-header-display":"","ast-hfb-below-header-display":"","ast-hfb-mobile-header-display":"","site-post-title":"","ast-breadcrumbs-content":"","ast-featured-img":"","footer-sml-layout":"","ast-disable-related-posts":"","theme-transparent-header-meta":"default","adv-header-id-meta":"","stick-header-meta":"","header-above-stick-meta":"","header-main-stick-meta":"","header-below-stick-meta":"","astra-migrate-meta-layouts":"set","ast-page-background-enabled":"default","ast-page-background-meta":{"desktop":{"background-color":"","background-image":"","background-repeat":"repeat","background-position":"center center","background-size":"auto","background-attachment":"scroll","background-type":"","background-media":"","overlay-type":"","overlay-color":"","overlay-opacity":"","overlay-gradient":""},"tablet":{"background-color":"","background-image":"","background-repeat":"repeat","background-position":"center center","background-size":"auto","background-attachment":"scroll","background-type":"","background-media":"","overlay-type":"","overlay-color":"","overlay-opacity":"","overlay-gradient":""},"mobile":{"background-color":"","background-image":"","background-repeat":"repeat","background-position":"center center","background-size":"auto","background-attachment":"scroll","background-type":"","background-media":"","overlay-type":"","overlay-color":"","overlay-opacity":"","overlay-gradient":""}},"ast-content-background-meta":{"desktop":{"background-color":"var(--ast-global-color-5)","background-image":"","background-repeat":"repeat","background-position":"center center","background-size":"auto","background-attachment":"scroll","background-type":"","background-media":"","overlay-type":"","overlay-color":"","overlay-opacity":"","overlay-gradient":""},"tablet":{"background-color":"var(--ast-global-color-5)","background-image":"","background-repeat":"repeat","background-position":"center center","background-size":"auto","background-attachment":"scroll","background-type":"","background-media":"","overlay-type":"","overlay-color":"","overlay-opacity":"","overlay-gradient":""},"mobile":{"background-color":"var(--ast-global-color-5)","background-image":"","background-repeat":"repeat","background-position":"center center","background-size":"auto","background-attachment":"scroll","background-type":"","background-media":"","overlay-type":"","overlay-color":"","overlay-opacity":"","overlay-gradient":""}},"footnotes":""},"class_list":["post-1727","page","type-page","status-publish","hentry"],"publishpress_future_action":{"enabled":false,"date":"2026-05-09 11:26:59","action":"change-status","newStatus":"draft","terms":[],"taxonomy":"","extraData":[]},"publishpress_future_workflow_manual_trigger":{"enabledWorkflows":[]},"_links":{"self":[{"href":"http:\/\/www.colaistedaibheid.ie\/wp_cd_2020\/wp-json\/wp\/v2\/pages\/1727","targetHints":{"allow":["GET"]}}],"collection":[{"href":"http:\/\/www.colaistedaibheid.ie\/wp_cd_2020\/wp-json\/wp\/v2\/pages"}],"about":[{"href":"http:\/\/www.colaistedaibheid.ie\/wp_cd_2020\/wp-json\/wp\/v2\/types\/page"}],"author":[{"embeddable":true,"href":"http:\/\/www.colaistedaibheid.ie\/wp_cd_2020\/wp-json\/wp\/v2\/users\/1"}],"replies":[{"embeddable":true,"href":"http:\/\/www.colaistedaibheid.ie\/wp_cd_2020\/wp-json\/wp\/v2\/comments?post=1727"}],"version-history":[{"count":62,"href":"http:\/\/www.colaistedaibheid.ie\/wp_cd_2020\/wp-json\/wp\/v2\/pages\/1727\/revisions"}],"predecessor-version":[{"id":4002,"href":"http:\/\/www.colaistedaibheid.ie\/wp_cd_2020\/wp-json\/wp\/v2\/pages\/1727\/revisions\/4002"}],"wp:attachment":[{"href":"http:\/\/www.colaistedaibheid.ie\/wp_cd_2020\/wp-json\/wp\/v2\/media?parent=1727"}],"curies":[{"name":"wp","href":"https:\/\/api.w.org\/{rel}","templated":true}]}}